{"id":629,"date":"2019-08-30T10:27:42","date_gmt":"2019-08-30T08:27:42","guid":{"rendered":"http:\/\/esomus.com\/?page_id=629"},"modified":"2019-10-21T14:19:22","modified_gmt":"2019-10-21T12:19:22","slug":"cadastre","status":"publish","type":"page","link":"https:\/\/esomus.com\/index.php\/cadastre\/","title":{"rendered":"Cadastre"},"content":{"rendered":"\n<h1 style=\"text-align:center\" class=\"ticss-d334d049 wp-block-heading\"><span style=\"color: #2f6599;\"><strong>Suivez vos infrastructures et <\/strong><\/span><br><strong><span style=\"color: #2f6599;\">vos \u00e9quipements en toute s\u00e9curit\u00e9&#8230;<\/span><br><br><\/strong><\/h1>\n\n\n\n<figure>\n<h4><div id=\"metaslider-id-2960\" style=\"width: 100%;\" class=\"ml-slider-3-108-0 metaslider metaslider-flex metaslider-2960 ml-slider has-dots-nav ms-theme-default\" role=\"region\" aria-label=\"cadastre\" data-height=\"300\" data-width=\"700\">\n    <div id=\"metaslider_container_2960\">\n        <div id=\"metaslider_2960\">\n            <ul class='slides'>\n                <li style=\"display: block; width: 100%;\" class=\"slide-2968 ms-image \" aria-roledescription=\"slide\" data-date=\"2019-09-19 17:49:07\" data-filename=\"analysis-1841158_12801-700x300.jpg\" data-slide-type=\"image\"><img data-recalc-dims=\"1\" loading=\"lazy\" decoding=\"async\" src=\"https:\/\/i0.wp.com\/esomus.com\/wp-content\/uploads\/2019\/09\/analysis-1841158_12801.jpg?resize=700%2C300&#038;ssl=1\" height=\"300\" width=\"700\" alt=\"Chouette, je vais encoder en temps r\u00e9el...\" class=\"slider-2960 slide-2968 msDefaultImage\" title=\"Chouette, je vais encoder en temps r\u00e9el...\" \/><div class=\"caption-wrap\"><div class=\"caption\">Encodage en temps r\u00e9el<\/div><\/div><\/li>\n                <li style=\"display: none; width: 100%;\" class=\"slide-2967 ms-image \" aria-roledescription=\"slide\" data-date=\"2019-09-19 17:49:07\" data-filename=\"clarck-700x300.jpeg\" data-slide-type=\"image\"><img data-recalc-dims=\"1\" loading=\"lazy\" decoding=\"async\" src=\"https:\/\/i0.wp.com\/esomus.com\/wp-content\/uploads\/2019\/09\/clarck.jpeg?resize=700%2C300&#038;ssl=1\" height=\"300\" width=\"700\" alt=\"A t&#039;il son permis &quot; Chariot \u00e9l\u00e9vateur &quot; !!!\" class=\"slider-2960 slide-2967 msDefaultImage\" title=\"A t&#039;il son permis &quot; Chariot \u00e9l\u00e9vateur &quot; !!!\" \/><div class=\"caption-wrap\"><div class=\"caption\">A-t-il son permis \" chariot \u00e9l\u00e9vateur \" <\/div><\/div><\/li>\n                <li style=\"display: none; width: 100%;\" class=\"slide-2965 ms-image \" aria-roledescription=\"slide\" data-date=\"2019-09-19 17:49:06\" data-filename=\"businessman-4457912_1280-700x300.jpg\" data-slide-type=\"image\"><img data-recalc-dims=\"1\" loading=\"lazy\" decoding=\"async\" src=\"https:\/\/i0.wp.com\/esomus.com\/wp-content\/uploads\/2019\/09\/businessman-4457912_1280.jpg?resize=700%2C300&#038;ssl=1\" height=\"300\" width=\"700\" alt=\"Je peux suivre mes \u00e9quipements en cr\u00e9ant mes cheklist personnalisables ..\" class=\"slider-2960 slide-2965 msDefaultImage\" title=\"Je peux suivre mes \u00e9quipements en cr\u00e9ant mes cheklist personnalisables ..\" \/><div class=\"caption-wrap\"><div class=\"caption\">Mes checklists personnalisables<\/div><\/div><\/li>\n                <li style=\"display: none; width: 100%;\" class=\"slide-2966 ms-image \" aria-roledescription=\"slide\" data-date=\"2019-09-19 17:49:07\" data-filename=\"pexels-photo-2760289-700x300.jpeg\" data-slide-type=\"image\"><img data-recalc-dims=\"1\" loading=\"lazy\" decoding=\"async\" src=\"https:\/\/i0.wp.com\/esomus.com\/wp-content\/uploads\/2019\/09\/pexels-photo-2760289.jpeg?resize=700%2C300&#038;ssl=1\" height=\"300\" width=\"700\" alt=\"Ah, une machine dangereuse...\" class=\"slider-2960 slide-2966 msDefaultImage\" title=\"Ah, une machine dangereuse...\" \/><div class=\"caption-wrap\"><div class=\"caption\">Ah, une machine dangereuse<\/div><\/div><\/li>\n                <li style=\"display: none; width: 100%;\" class=\"slide-2964 ms-image \" aria-roledescription=\"slide\" data-date=\"2019-09-19 17:49:06\" data-filename=\"pressure-783617_12801-700x300.jpg\" data-slide-type=\"image\"><img data-recalc-dims=\"1\" loading=\"lazy\" decoding=\"async\" src=\"https:\/\/i0.wp.com\/esomus.com\/wp-content\/uploads\/2019\/09\/pressure-783617_12801.jpg?resize=700%2C300&#038;ssl=1\" height=\"300\" width=\"700\" alt=\"La pression n&#039;est pas bonne, je vais encoder une anomalie ...\" class=\"slider-2960 slide-2964 msDefaultImage\" title=\"La pression n&#039;est pas bonne, je vais encoder une anomalie ...\" \/><div class=\"caption-wrap\"><div class=\"caption\">La pression n'est pas bonne, je vais encoder une anomalie<\/div><\/div><\/li>\n            <\/ul>\n        <\/div>\n        \n    <\/div>\n<\/div><\/h4>\n<p>&nbsp;<\/p>\n<\/figure>\n\n\n\n<h2 style=\"text-align:center\" class=\"ticss-ea36b4c9 wp-block-heading\">La connaissance parfaite de votre entreprise <br>est la cl\u00e9 de la pr\u00e9vention&#8230;<\/h2>\n\n\n\n<p style=\"color:#565656;text-align:center\" class=\"has-text-color has-medium-font-size ticss-bcbae787\">La notion de cadastre repr\u00e9sente l&#8217;ensemble de votre entreprise, de vos sites, b\u00e2timents, locaux et \u00e9quipements&nbsp;<br>li\u00e9s \u00e0 la pr\u00e9vention et la gestion des risques ou non..<br><em><strong>ESOMUS<\/strong>&nbsp;<\/em>va suivre l&#8217;ensemble de votre cadastre <a href=\"http:\/\/esomus.com\/index.php\/temps-reel\/\">en temps r\u00e9el<\/a> et vous fournir \u00e0 tout moment, les informations n\u00e9cessaires au bon fonctionnement de votre entreprise&nbsp;<br>et de <a rel=\"noreferrer noopener\" aria-label=\"savoir si vous \u00eates en ordre (s\u2019ouvre dans un nouvel onglet)\" href=\"http:\/\/newsite.ESOMUS.com\/index.php\/legislation\/\" target=\"_blank\">savoir si vous \u00eates en ordre<\/a>.<\/p>\n\n\n\n<h2 style=\"text-align:center\" class=\"ticss-b2d87de8 wp-block-heading\">L&#8217;inventaire de mon \u00e9quipement est d\u00e9j\u00e0 dans mon ERP, <br>quelle est la plus-value d&#8217;ESOMUS <\/h2>\n\n\n\n<p style=\"color:#6d6c6c;text-align:center\" class=\"has-text-color has-medium-font-size\">La diff\u00e9rence entre un ERP qui g\u00e8re votre mat\u00e9riel et ESOMUS est le fait que le premier part de l\u2019\u00e9quipement orient\u00e9 achat et maintenance alors qu\u2019ESOMUS, lui, part de votre entreprise vers l&#8217;\u00e9quipement et sa gestion des risques<\/p>\n\n\n\n<h2 style=\"text-align:center\" class=\"ticss-36c1e693 wp-block-heading\">Pour bien g\u00e9rer le risque <br>ESOMUS doit comprendre votre entreprise<\/h2>\n\n\n\n<p style=\"color:#6d6c6c;text-align:center\" class=\"has-text-color has-medium-font-size ticss-fed076d4\">La premi\u00e8re \u00e9tape d\u2019un projet ESOMUS est de comprendre la structure et le fonctionnement de votre entreprise en partant du ou des diff\u00e9rents sites jusqu\u2019aux diff\u00e9rents locaux se trouvant dans les b\u00e2timents. <br>Les plans et proc\u00e9dures pourront \u00eatre int\u00e9gr\u00e9s et li\u00e9s aux diff\u00e9rents endroits.<\/p>\n\n\n\n<p style=\"color:#6d6c6c;text-align:center\" class=\"has-text-color has-medium-font-size\"> Une fois cela compris par le logiciel, on va pouvoir inventorier  l\u2019ensemble des \u00e9quipements pr\u00e9sents dans les diff\u00e9rents locaux en les  incluant, si n\u00e9cessaire, dans la notion de poste de travail. De plus,  toutes les informations n\u00e9cessaires <a href=\"http:\/\/newsite.ESOMUS.com\/index.php\/controle\/\" target=\"_blank\" rel=\"noreferrer noopener\" aria-label=\"aux contr\u00f4les (s\u2019ouvre dans un nouvel onglet)\">aux contr\u00f4les<\/a> et remplacements  seront connues <em><strong>pour vous permettre une meilleure efficacit\u00e9.<\/strong><\/em><\/p>\n\n\n\n<h2 style=\"text-align:center\" class=\"ticss-3564d2e8 wp-block-heading\">Tout voir, tout savoir, pr\u00e9venir de tout !<\/h2>\n\n\n\n<p style=\"color:#6d6c6c;text-align:center\" class=\"has-text-color has-medium-font-size\"> Gr\u00e2ce \u00e0 ce cadastre vous pourrez \u00e0 tout moment conna\u00eetre toutes les  informations n\u00e9cessaires au bon fonctionnement de votre entreprise, <strong> <a rel=\"noreferrer noopener\" aria-label=\"&quot; savoir si vous \u00eatre en ordre &quot; (s\u2019ouvre dans un nouvel onglet)\" href=\"http:\/\/newsite.ESOMUS.com\/index.php\/legislation\/\" target=\"_blank\">&#8221; savoir si vous \u00eatre en ordre &#8220;<\/a>,<\/strong> mais aussi pouvoir mieux analyser le risque de travail o\u00f9 que ce soit dans votre entreprise.<\/p>\n\n\n\n<p style=\"color:#6d6c6c;text-align:center\" class=\"has-text-color has-medium-font-size\">Mieux ESOMUS comprendra le fonctionnement de votre entreprise, <br><strong>plus il sera efficace pour vous aider dans la diminution du risque et la pr\u00e9vention.<\/strong><\/p>\n\n\n\n\n\n\n\n\n<style id=\"ea_dynamic_css1028\">#sp-ea-1028 .spcollapsing{height: 0; overflow: hidden; transition-property: height; transition-duration: 10ms;}#sp-ea-1028.sp-easy-accordion>.sp-ea-single.eap_inactive>.ea-header a {background-color: #bb0000 !important; color: #fff !important;}#sp-ea-1028.sp-easy-accordion>.sp-ea-single{ margin-bottom: 10px; border: 1px none #2f65b0; border-radius: 0;}#sp-ea-1028.sp-easy-accordion>.sp-ea-single.ea-expand{ border-color: #2f65b0;}#sp-ea-1028.sp-easy-accordion>.sp-ea-single:hover{ border-color: #2f65b0;}#sp-ea-1028.sp-easy-accordion>.sp-ea-single>.ea-header a {background: #ffffff;}#sp-ea-1028.sp-easy-accordion>.sp-ea-single.ea-expand>.ea-header a {background: #ffffff;}#sp-ea-1028.sp-easy-accordion>.sp-ea-single>.ea-header:hover a {background: #ffffff;}#sp-ea-1028.sp-easy-accordion>.sp-ea-single>.ea-header a .eap-title-icon { color: #2f65b0;font-size: 20px;} #sp-ea-1028.sp-easy-accordion>.sp-ea-single>.ea-header a .eap-title-custom-icon {max-width: 20px;}#sp-ea-1028.sp-easy-accordion>.sp-ea-single>.ea-header:hover a .eap-title-icon {color: #2f65b0;}#sp-ea-1028.sp-easy-accordion>.sp-ea-single.ea-expand>.ea-header a .eap-title-icon {color: #2f65b0;}#sp-ea-1028.sp-easy-accordion>.sp-ea-single>.ea-header a {padding: 15px 15px 15px 15px; color: #444; font-size: 20px; line-height: 30px; text-align: left; letter-spacing: 0px; text-transform: none;}#sp-ea-1028.sp-easy-accordion>.sp-ea-single>.ea-header:hover a {color: #444;}#sp-ea-1028.sp-easy-accordion>.sp-ea-single.ea-expand>.ea-header a {color: #444;}#sp-ea-1028.sp-easy-accordion>.sp-ea-single>.sp-collapse>.ea-body p,#sp-ea-1028.sp-easy-accordion>.sp-ea-single>.sp-collapse>.ea-body{background: #fff; padding: 15px 15px 15px 15px; border-radius: 0 0 0 0; color: #444; font-size: 16px; text-align: left; letter-spacing: 0px; line-height: 26px; animation-delay: 200ms; text-transform: none;}#sp-ea-1028.sp-easy-accordion>.sp-ea-single>.ea-header a .ea-expand-icon.fa:before {color: #ffffff; font-size: 16px; font-style: normal;}#sp-ea-1028.sp-easy-accordion>.sp-ea-single>.ea-header:hover a .ea-expand-icon.fa:before {color: #ffffff;}#sp-ea-1028.sp-easy-accordion>.sp-ea-single.ea-expand>.ea-header a .ea-expand-icon.fa:before {color: #ffffff;}#sp-ea-1028.sp-easy-accordion>.sp-ea-single>.ea-header a {border-radius: 0;}#sp-ea-1028.sp-easy-accordion>.sp-ea-single>.ea-header a .sp-numbering .ea-expand-icon {background: none;}#sp-ea-1028.sp-easy-accordion>.sp-ea-single>.ea-header a .sp-numbering {background: #2f65b0; color: #ffffff; line-height: 56px;}#sp-ea-1028.sp-easy-accordion>.sp-ea-single>.ea-header:hover a .sp-numbering {background: #2f65b0; color: #ffffff;}#sp-ea-1028.sp-easy-accordion>.sp-ea-single.ea-expand>.ea-header a .sp-numbering {background: #2f65b0; color: #ffffff;}#sp-ea-1028.sp-easy-accordion>.sp-ea-single{background: none; overflow: visible;}#sp-ea-1028.sp-easy-accordion>.sp-ea-single>.ea-header a .sp-numbering {line-height: 60px; color: #ffffff; background: #2f65b0; top: 0;}#sp-ea-1028.sp-easy-accordion>.sp-ea-single>.ea-header:hover a .sp-numbering {color: #ffffff; background: #2f65b0;}#sp-ea-1028.sp-easy-accordion>.sp-ea-single.ea-expand>.ea-header a .sp-numbering {color: #ffffff; background: #2f65b0;}#sp-ea-1028 #eap_faq_search_bar_container {display:none; opacity:0;}#sp-ea-1028 #eap_faq_search_bar_container span::before{content:\"\";}#sp-ea-1028.sp-easy-accordion>.sp-ea-single>.sp-collapse>.ea-body p{ padding:0px}#sp-ea-1028>.sp-ea-single>.sp-collapse>.ea-body .eap-product-price {color: #444;}#sp-ea-1028.sp-easy-accordion>.sp-ea-single>.sp-collapse>.ea-body .eap-product-price del{color: rgba(68,68,68,0.71);}#sp-ea-1028.sp-easy-accordion>.sp-ea-single>.sp-collapse>.ea-body .eap-product-cart-button .woocommerce a { border: 1px solid #DAD6DA;border-radius: 2px;background-color: transparent;color: #444;}#sp-ea-1028.sp-easy-accordion>.sp-ea-single>.sp-collapse>.ea-body .eap-product-cart-button .woocommerce a:hover { border-color: #444;background-color: #444;color: #fff;}#sp-ea-1028.sp-easy-accordion>.sp-ea-single>>.sp-collapse>.ea-body .eap-product-cart-button .eap-product-quantity .eap_input_text {border: 1px solid #DAD6DA;}#sp-ea-1028.sp-easy-accordion>.sp-ea-single>.sp-collapse>.ea-body .eap-product-cart-button a.add_to_cart_button{position: relative;}<\/style><div id=\"sp-eap-accordion-section-1028\" class=\"sp-eap-container\"><div id=\"sp-ea-1028\" class=\"sp-ea-fourteen sp-ea-thirteen sp-easy-accordion \" data-ex-icon=\"fa-chevron-right\" data-col-icon=\"fa-chevron-down\" data-ea-active=\"ea-hover\" data-ea-mode=\"vertical\" data-ea-multi-column=\"\" data-ea-coll=\"\" data-keep-accordion=\"\" data-autoclose=\"\" data-preloader=\"\" data-scroll-active-item=\"\" data-offset-to-scroll=\"0\" data-autoplaytime=\"3000\" data-expand=\"\" data-post-id=\"1028\" >\t<div class=\"ea-card  sp-ea-single\"  data-accordion-id= \"0\">\n\n\t\t<h2 class=\"ea-header\">\n\t\t\t<a class=\"collapsed\" data-sptoggle=\"spcollapse\" rel=\"nofollow\" data-sptarget=\"#collapse10280\" href=\"#\" data-title=\"efaq-vous-devez-planifier-le-controle-annuel-des-extincteurs\" aria-expanded=\"false\">\n\t\t\t\t<span class=\"sp-numbering\"> <i class=\"ea-expand-icon fa fa-chevron-down\"><\/i> <\/span>  Vous devez planifier le contr\u00f4le annuel des extincteurs\t\t\t<\/a>\n\t\t<\/h2>\n\n\t\t<div class=\"sp-collapse spcollapse spcollapse\" id=\"collapse10280\" data-parent=\"#sp-ea-1028\">\n\t\t<div class=\"ea-body\"> \n<div class=\"ea-content-wrapper animated fadeIn\"> \n\t<p><span lang=\"FR\"><span style=\"color: #333399;\"><strong>ESOMUS<\/strong> <\/span>vous permet de savoir o\u00f9 se trouvent les diff\u00e9rents extincteurs et <a href=\"http:\/\/esomus.com\/index.php\/controle\/\" target=\"_blank\" rel=\"noopener\">leur p\u00e9riodicit\u00e9 de contr\u00f4le<\/a>.<br \/>\nEn quelques clics, il g\u00e9n\u00e8re une t\u00e2che regroupant les extincteurs devant \u00eatre contr\u00f4l\u00e9s.<\/span><\/p>\n<\/div>\n<\/div>\n\t\t\t<\/div>\n\t<\/div>\n\t\t<div class=\"ea-card  sp-ea-single\"  data-accordion-id= \"1\">\n\n\t\t<h2 class=\"ea-header\">\n\t\t\t<a class=\"collapsed\" data-sptoggle=\"spcollapse\" rel=\"nofollow\" data-sptarget=\"#collapse10281\" href=\"#\" data-title=\"efaq-je-dois-prevoir-mon-budget\" aria-expanded=\"false\">\n\t\t\t\t<span class=\"sp-numbering\"> <i class=\"ea-expand-icon fa fa-chevron-down\"><\/i> <\/span>  Je dois pr\u00e9voir mon budget...\t\t\t<\/a>\n\t\t<\/h2>\n\n\t\t<div class=\"sp-collapse spcollapse spcollapse\" id=\"collapse10281\" data-parent=\"#sp-ea-1028\">\n\t\t<div class=\"ea-body\"> \n<div class=\"ea-content-wrapper animated fadeIn\"> \n\t<p><span lang=\"FR\"><span style=\"color: #333399;\"><strong>ESOMUS <\/strong><\/span>conna\u00eet les <a href=\"http:\/\/esomus.com\/index.php\/controle\/\" target=\"_blank\" rel=\"noopener\">dates de p\u00e9remption<\/a> de tous vos \u00e9quipements, qu\u2019elles soient l\u00e9gales ou d\u00e9termin\u00e9es par une charte de qualit\u00e9 interne.<br \/>\nEn un clic,<a href=\"http:\/\/esomus.com\/index.php\/dashboard\/\" target=\"_blank\" rel=\"noopener\"> vous g\u00e9n\u00e9rez un rapport<\/a> de tout ce qu\u2019il faut remplacer, acheter... par trimestre, par ann\u00e9e, par famille d\u2019\u00e9quipement, par b\u00e2timent\u2026<\/span><\/p>\n<\/div>\n<\/div>\n\t\t\t<\/div>\n\t<\/div>\n\t\t<div class=\"ea-card  sp-ea-single\"  data-accordion-id= \"2\">\n\n\t\t<h2 class=\"ea-header\">\n\t\t\t<a class=\"collapsed\" data-sptoggle=\"spcollapse\" rel=\"nofollow\" data-sptarget=\"#collapse10282\" href=\"#\" data-title=\"efaq-la-chaudiere-est-en-panne-et-le-reparateur-me-demande-les-informations-techniques\" aria-expanded=\"false\">\n\t\t\t\t<span class=\"sp-numbering\"> <i class=\"ea-expand-icon fa fa-chevron-down\"><\/i> <\/span>  La chaudi\u00e8re est en panne et le r\u00e9parateur me demande les informations techniques ?\t\t\t<\/a>\n\t\t<\/h2>\n\n\t\t<div class=\"sp-collapse spcollapse spcollapse\" id=\"collapse10282\" data-parent=\"#sp-ea-1028\">\n\t\t<div class=\"ea-body\"> \n<div class=\"ea-content-wrapper animated fadeIn\"> \n\t<p><span lang=\"FR\"><strong>ESOMUS<\/strong> poss\u00e8de des fiches techniques pour chaque \u00e9quipement, un historique de toutes les actions r\u00e9alis\u00e9es ainsi que <a href=\"http:\/\/esomus.com\/index.php\/documents\/\" target=\"_blank\" rel=\"noopener\">tous les documents<\/a> y aff\u00e9rents.<\/span><\/p>\n<\/div>\n<\/div>\n\t\t\t<\/div>\n\t<\/div>\n\t<\/div><\/div>\n\n\n\n\n\n<div class=\"wp-block-button alignright\"><a class=\"wp-block-button__link has-text-color has-background\" href=\"https:\/\/www.esomus.com\" style=\"background-color:#2f65b0;color:#ffffff\">Retour accueil<\/a><\/div>\n","protected":false},"excerpt":{"rendered":"<p>Suivez vos infrastructures et vos \u00e9quipements en toute s\u00e9curit\u00e9&#8230; &nbsp; La connaissance parfaite de votre entreprise est la cl\u00e9 de la pr\u00e9vention&#8230; La notion de cadastre repr\u00e9sente l&#8217;ensemble de votre entreprise, de vos sites, b\u00e2timents, locaux et \u00e9quipements&nbsp;li\u00e9s \u00e0 la pr\u00e9vention et la gestion des risques ou non..ESOMUS&nbsp;va suivre l&#8217;ensemble de votre cadastre en temps&hellip; <br \/> <a class=\"read-more\" href=\"https:\/\/esomus.com\/index.php\/cadastre\/\">Lire la suite<\/a><\/p>\n","protected":false},"author":1,"featured_media":0,"parent":0,"menu_order":0,"comment_status":"closed","ping_status":"closed","template":"","meta":{"_seopress_robots_primary_cat":"","_seopress_titles_title":"Suivez vos infrastructures et vos \u00e9quipements en toute s\u00e9curit\u00e9...","_seopress_titles_desc":"Vous pourrez \u00e0 tout moment conna\u00eetre toutes les informations n\u00e9cessaires au bon fonctionnement de votre entreprise, savoir si vous \u00eatre en ordre, mais aussi pouvoir mieux analyser le risque au travail ou que ce soit dans votre entreprise et surtout en temps r\u00e9el.","_seopress_robots_index":"","_themeisle_gutenberg_block_has_review":false,"footnotes":""},"class_list":["post-629","page","type-page","status-publish","hentry"],"jetpack_sharing_enabled":true,"_links":{"self":[{"href":"https:\/\/esomus.com\/index.php\/wp-json\/wp\/v2\/pages\/629","targetHints":{"allow":["GET"]}}],"collection":[{"href":"https:\/\/esomus.com\/index.php\/wp-json\/wp\/v2\/pages"}],"about":[{"href":"https:\/\/esomus.com\/index.php\/wp-json\/wp\/v2\/types\/page"}],"author":[{"embeddable":true,"href":"https:\/\/esomus.com\/index.php\/wp-json\/wp\/v2\/users\/1"}],"replies":[{"embeddable":true,"href":"https:\/\/esomus.com\/index.php\/wp-json\/wp\/v2\/comments?post=629"}],"version-history":[{"count":67,"href":"https:\/\/esomus.com\/index.php\/wp-json\/wp\/v2\/pages\/629\/revisions"}],"predecessor-version":[{"id":4556,"href":"https:\/\/esomus.com\/index.php\/wp-json\/wp\/v2\/pages\/629\/revisions\/4556"}],"wp:attachment":[{"href":"https:\/\/esomus.com\/index.php\/wp-json\/wp\/v2\/media?parent=629"}],"curies":[{"name":"wp","href":"https:\/\/api.w.org\/{rel}","templated":true}]}}