{"id":4631,"date":"2020-01-29T19:42:09","date_gmt":"2020-01-29T18:42:09","guid":{"rendered":"http:\/\/esomus.com\/?page_id=4631"},"modified":"2020-01-30T07:41:01","modified_gmt":"2020-01-30T06:41:01","slug":"tablette","status":"publish","type":"page","link":"https:\/\/esomus.com\/index.php\/tablette\/","title":{"rendered":"Tablette"},"content":{"rendered":"\n<h1 class=\"has-text-align-center ticss-d334d049 wp-block-heading\"><span style=\"color: #2f6599;\"><strong>Encodez vos rapport, vos formulaires vos anomalies, vos r\u00e9f\u00e9rences par la fonction vocal<\/strong><\/span><strong><span style=\"color: #2f6599;\">.<\/span><br><br><\/strong><\/h1>\n\n\n\n<figure>\n<h4><div id=\"metaslider-id-4633\" style=\"width: 100%;\" class=\"ml-slider-3-108-0 metaslider metaslider-flex metaslider-4633 ml-slider has-dots-nav ms-theme-default\" role=\"region\" aria-label=\"chek-list\" data-height=\"300\" data-width=\"700\">\n    <div id=\"metaslider_container_4633\">\n        <div id=\"metaslider_4633\">\n            <ul class='slides'>\n                <li style=\"display: block; width: 100%;\" class=\"slide-4636 ms-image \" aria-roledescription=\"slide\" data-date=\"2020-01-29 19:17:02\" data-filename=\"analysing-3976728_1280-700x300.jpg\" data-slide-type=\"image\"><img data-recalc-dims=\"1\" loading=\"lazy\" decoding=\"async\" src=\"https:\/\/i0.wp.com\/esomus.com\/wp-content\/uploads\/2019\/09\/analysing-3976728_1280.jpg?resize=700%2C300&#038;ssl=1\" height=\"300\" width=\"700\" alt=\"Aujourd&#039;hui, vos check-list et formulaires sur tablette\" class=\"slider-4633 slide-4636 msDefaultImage\" title=\"Aujourd&#039;hui, vos check-list et formulaires sur tablette\" \/><div class=\"caption-wrap\"><div class=\"caption\">Aujourd'hui, vos check-list et formulaires sur tablette et l'encodage se fait \u00e9galement avec le vocal<\/div><\/div><\/li>\n                <li style=\"display: none; width: 100%;\" class=\"slide-4634 ms-image \" aria-roledescription=\"slide\" data-date=\"2020-01-29 19:17:01\" data-filename=\"microphone-4746014-scaled-700x300.jpg\" data-slide-type=\"image\"><img data-recalc-dims=\"1\" loading=\"lazy\" decoding=\"async\" src=\"https:\/\/i0.wp.com\/esomus.com\/wp-content\/uploads\/2020\/01\/microphone-4746014-scaled.jpg?resize=700%2C300&#038;ssl=1\" height=\"300\" width=\"700\" alt=\"Appuyer sur votre tablette et parler...\" class=\"slider-4633 slide-4634 msDefaultImage\" title=\"Appuyer sur votre tablette et parler...\" \/><div class=\"caption-wrap\"><div class=\"caption\">Appuyer sur votre tablette et parler...<\/div><\/div><\/li>\n                <li style=\"display: none; width: 100%;\" class=\"slide-4635 ms-image \" aria-roledescription=\"slide\" data-date=\"2020-01-29 19:17:02\" data-filename=\"speak-238488-scaled-700x300.jpg\" data-slide-type=\"image\"><img data-recalc-dims=\"1\" loading=\"lazy\" decoding=\"async\" src=\"https:\/\/i0.wp.com\/esomus.com\/wp-content\/uploads\/2020\/01\/speak-238488-scaled.jpg?resize=700%2C300&#038;ssl=1\" height=\"300\" width=\"700\" alt=\"Raconter vos commentaires en automatiques dans les champs de vos formulaires ...\" class=\"slider-4633 slide-4635 msDefaultImage\" title=\"Raconter vos commentaires en automatiques dans les champs de vos formulaires ...\" \/><div class=\"caption-wrap\"><div class=\"caption\">Raconter vos commentaires en automatiques dans les champs de vos formulaires ...<\/div><\/div><\/li>\n            <\/ul>\n        <\/div>\n        \n    <\/div>\n<\/div><\/h4>\n<p>&nbsp;<\/p>\n<\/figure>\n\n\n\n<h2 class=\"has-text-align-center ticss-ea36b4c9 wp-block-heading\">Avec votre tablette<\/h2>\n\n\n\n<p style=\"color:#565656\" class=\"has-text-color has-text-align-center has-medium-font-size ticss-bcbae787\">A tout moment, vous avez le choix, soit avec le clavier ou bien avec le vocal, ainsi, vous pouvez encoder vos remarques, remplir vos formulaires, vos checklists avec la fonction vocale de votre tablette. <br>Vous avez les doigts sales ou des gants, alors, n&#8217;h\u00e9siter pas, <br>utiliser le vocal. <\/p>\n\n\n\n\n\n\n\n\n<style id=\"ea_dynamic_css4642\">#sp-ea-4642 .spcollapsing{height: 0; overflow: hidden; transition-property: height; transition-duration: 10ms;}#sp-ea-4642.sp-easy-accordion>.sp-ea-single.eap_inactive>.ea-header a {background-color: #bb0000 !important; color: #fff !important;}#sp-ea-4642.sp-easy-accordion>.sp-ea-single{ margin-bottom: 10px; border: 1px none #2f65b0; border-radius: 0;}#sp-ea-4642.sp-easy-accordion>.sp-ea-single.ea-expand{ border-color: #2f65b0;}#sp-ea-4642.sp-easy-accordion>.sp-ea-single:hover{ border-color: #2f65b0;}#sp-ea-4642.sp-easy-accordion>.sp-ea-single>.ea-header a {background: #ffffff;}#sp-ea-4642.sp-easy-accordion>.sp-ea-single.ea-expand>.ea-header a {background: #ffffff;}#sp-ea-4642.sp-easy-accordion>.sp-ea-single>.ea-header:hover a {background: #ffffff;}#sp-ea-4642.sp-easy-accordion>.sp-ea-single>.ea-header a .eap-title-icon { color: #dd3333;font-size: 20px;} #sp-ea-4642.sp-easy-accordion>.sp-ea-single>.ea-header a .eap-title-custom-icon {max-width: 20px;}#sp-ea-4642.sp-easy-accordion>.sp-ea-single>.ea-header:hover a .eap-title-icon {color: #dd3333;}#sp-ea-4642.sp-easy-accordion>.sp-ea-single.ea-expand>.ea-header a .eap-title-icon {color: #dd3333;}#sp-ea-4642.sp-easy-accordion>.sp-ea-single>.ea-header a {padding: 15px 15px 15px 15px; color: #444; font-size: 20px; line-height: 30px; text-align: left; letter-spacing: 0px; text-transform: none;}#sp-ea-4642.sp-easy-accordion>.sp-ea-single>.ea-header:hover a {color: #444;}#sp-ea-4642.sp-easy-accordion>.sp-ea-single.ea-expand>.ea-header a {color: #444;}#sp-ea-4642.sp-easy-accordion>.sp-ea-single>.sp-collapse>.ea-body p,#sp-ea-4642.sp-easy-accordion>.sp-ea-single>.sp-collapse>.ea-body{background: #fff; padding: 15px 15px 15px 15px; border-radius: 0 0 0 0; color: #444; font-size: 16px; text-align: left; letter-spacing: 0px; line-height: 26px; animation-delay: 200ms; text-transform: none;}#sp-ea-4642.sp-easy-accordion>.sp-ea-single>.ea-header a .ea-expand-icon.fa:before {color: #ffffff; font-size: 16px; font-style: normal;}#sp-ea-4642.sp-easy-accordion>.sp-ea-single>.ea-header:hover a .ea-expand-icon.fa:before {color: #ffffff;}#sp-ea-4642.sp-easy-accordion>.sp-ea-single.ea-expand>.ea-header a .ea-expand-icon.fa:before {color: #ffffff;}#sp-ea-4642.sp-easy-accordion>.sp-ea-single>.ea-header a {border-radius: 0;}#sp-ea-4642.sp-easy-accordion>.sp-ea-single>.ea-header a .sp-numbering .ea-expand-icon {background: none;}#sp-ea-4642.sp-easy-accordion>.sp-ea-single>.ea-header a .sp-numbering {background: #2f65b0; color: #ffffff; line-height: 56px;}#sp-ea-4642.sp-easy-accordion>.sp-ea-single>.ea-header:hover a .sp-numbering {background: #2f65b0; color: #ffffff;}#sp-ea-4642.sp-easy-accordion>.sp-ea-single.ea-expand>.ea-header a .sp-numbering {background: #2f65b0; color: #ffffff;}#sp-ea-4642.sp-easy-accordion>.sp-ea-single{background: none; overflow: visible;}#sp-ea-4642.sp-easy-accordion>.sp-ea-single>.ea-header a .sp-numbering {line-height: 60px; color: #ffffff; background: #2f65b0; top: 0;}#sp-ea-4642.sp-easy-accordion>.sp-ea-single>.ea-header:hover a .sp-numbering {color: #ffffff; background: #2f65b0;}#sp-ea-4642.sp-easy-accordion>.sp-ea-single.ea-expand>.ea-header a .sp-numbering {color: #ffffff; background: #2f65b0;}#sp-ea-4642 #eap_faq_search_bar_container {display:none; opacity:0;}#sp-ea-4642 #eap_faq_search_bar_container span::before{content:\"\";}#sp-ea-4642.sp-easy-accordion>.sp-ea-single>.sp-collapse>.ea-body p{ padding:0px}#sp-ea-4642>.sp-ea-single>.sp-collapse>.ea-body .eap-product-price {color: #444;}#sp-ea-4642.sp-easy-accordion>.sp-ea-single>.sp-collapse>.ea-body .eap-product-price del{color: rgba(68,68,68,0.71);}#sp-ea-4642.sp-easy-accordion>.sp-ea-single>.sp-collapse>.ea-body .eap-product-cart-button .woocommerce a { border: 1px solid #DAD6DA;border-radius: 2px;background-color: transparent;color: #444;}#sp-ea-4642.sp-easy-accordion>.sp-ea-single>.sp-collapse>.ea-body .eap-product-cart-button .woocommerce a:hover { border-color: #444;background-color: #444;color: #fff;}#sp-ea-4642.sp-easy-accordion>.sp-ea-single>>.sp-collapse>.ea-body .eap-product-cart-button .eap-product-quantity .eap_input_text {border: 1px solid #DAD6DA;}#sp-ea-4642.sp-easy-accordion>.sp-ea-single>.sp-collapse>.ea-body .eap-product-cart-button a.add_to_cart_button{position: relative;}<\/style><div id=\"sp-eap-accordion-section-4642\" class=\"sp-eap-container\"><div id=\"sp-ea-4642\" class=\"sp-ea-fourteen sp-ea-thirteen sp-easy-accordion \" data-ex-icon=\"fa-chevron-right\" data-col-icon=\"fa-chevron-down\" data-ea-active=\"ea-hover\" data-ea-mode=\"vertical\" data-ea-multi-column=\"\" data-ea-coll=\"\" data-keep-accordion=\"\" data-autoclose=\"\" data-preloader=\"\" data-scroll-active-item=\"\" data-offset-to-scroll=\"0\" data-autoplaytime=\"3000\" data-expand=\"\" data-post-id=\"4642\" >\t<div class=\"ea-card  sp-ea-single\"  data-accordion-id= \"0\">\n\n\t\t<h2 class=\"ea-header\">\n\t\t\t<a class=\"collapsed\" data-sptoggle=\"spcollapse\" rel=\"nofollow\" data-sptarget=\"#collapse46420\" href=\"#\" data-title=\"efaq-puis-je-utiliser-la-fonction-vocal-de-ma-tablette-pour-encoder-les-differents-formulaires-et-ou-check-list\" aria-expanded=\"false\">\n\t\t\t\t<span class=\"sp-numbering\"> <i class=\"ea-expand-icon fa fa-chevron-down\"><\/i> <\/span>  Puis-je utiliser la fonction vocal de ma tablette pour encoder les diff\u00e9rents formulaires et\/ou check-list ?\t\t\t<\/a>\n\t\t<\/h2>\n\n\t\t<div class=\"sp-collapse spcollapse spcollapse\" id=\"collapse46420\" data-parent=\"#sp-ea-4642\">\n\t\t<div class=\"ea-body\"> \n<div class=\"ea-content-wrapper animated fadeIn\"> \n\t<p><span style=\"color: #0000ff;\"><span style=\"color: #333333;\">Oui, vous pouvez parler pour remplir automatiquement vos formulaires ainsi que de check-list. L'ensemble est utilisable \u00e9galement par le vocal, la recherche, l'encodage de vos remarques, anomalies, etc...<br \/>\n<\/span><\/span><\/p>\n<\/div>\n<\/div>\n\t\t\t<\/div>\n\t<\/div>\n\t\t<div class=\"ea-card  sp-ea-single\"  data-accordion-id= \"1\">\n\n\t\t<h2 class=\"ea-header\">\n\t\t\t<a class=\"collapsed\" data-sptoggle=\"spcollapse\" rel=\"nofollow\" data-sptarget=\"#collapse46421\" href=\"#\" data-title=\"efaq-est-ce-que-je-suis-obliger-dutiliser-le-vocal-de-ma-tablette\" aria-expanded=\"false\">\n\t\t\t\t<span class=\"sp-numbering\"> <i class=\"ea-expand-icon fa fa-chevron-down\"><\/i> <\/span>  Est-ce que je suis obliger d'utiliser le vocal de ma tablette ?\t\t\t<\/a>\n\t\t<\/h2>\n\n\t\t<div class=\"sp-collapse spcollapse spcollapse\" id=\"collapse46421\" data-parent=\"#sp-ea-4642\">\n\t\t<div class=\"ea-body\"> \n<div class=\"ea-content-wrapper animated fadeIn\"> \n\t<p>Non, vous pouvez utiliser \u00e9galement le clavier, ce sera selon vos besoins.<br \/>\nMais pour plus d'efficacit\u00e9, de rapidit\u00e9 d'encodages dans l'\u00e9dition de vos formulaires et\/ou check-list, n'h\u00e9siter pas !! <span style=\"color: #333399;\"><strong>Utiliser le vocal<\/strong><\/span><\/p>\n<\/div>\n<\/div>\n\t\t\t<\/div>\n\t<\/div>\n\t<\/div><\/div>\n\n\n\n\n\n<div class=\"wp-block-button alignright\"><a class=\"wp-block-button__link has-text-color has-background\" href=\"https:\/\/www.esomus.com\" style=\"background-color:#2f65b0;color:#ffffff\">Retour accueil<\/a><\/div>\n","protected":false},"excerpt":{"rendered":"<p>Encodez vos rapport, vos formulaires vos anomalies, vos r\u00e9f\u00e9rences par la fonction vocal. &nbsp; Avec votre tablette A tout moment, vous avez le choix, soit avec le clavier ou bien avec le vocal, ainsi, vous pouvez encoder vos remarques, remplir vos formulaires, vos checklists avec la fonction vocale de votre tablette. Vous avez les doigts&hellip; <br \/> <a class=\"read-more\" href=\"https:\/\/esomus.com\/index.php\/tablette\/\">Lire la suite<\/a><\/p>\n","protected":false},"author":1,"featured_media":0,"parent":0,"menu_order":0,"comment_status":"closed","ping_status":"closed","template":"","meta":{"_seopress_robots_primary_cat":"","_seopress_titles_title":"Suivez vos infrastructures et vos \u00e9quipements en toute s\u00e9curit\u00e9...","_seopress_titles_desc":"Vous pourrez \u00e0 tout moment conna\u00eetre toutes les informations n\u00e9cessaires au bon fonctionnement de votre entreprise, savoir si vous \u00eatre en ordre, mais aussi pouvoir mieux analyser le risque au travail ou que ce soit dans votre entreprise et surtout en temps r\u00e9el.","_seopress_robots_index":"","_themeisle_gutenberg_block_has_review":false,"footnotes":""},"class_list":["post-4631","page","type-page","status-publish","hentry"],"jetpack_sharing_enabled":true,"_links":{"self":[{"href":"https:\/\/esomus.com\/index.php\/wp-json\/wp\/v2\/pages\/4631","targetHints":{"allow":["GET"]}}],"collection":[{"href":"https:\/\/esomus.com\/index.php\/wp-json\/wp\/v2\/pages"}],"about":[{"href":"https:\/\/esomus.com\/index.php\/wp-json\/wp\/v2\/types\/page"}],"author":[{"embeddable":true,"href":"https:\/\/esomus.com\/index.php\/wp-json\/wp\/v2\/users\/1"}],"replies":[{"embeddable":true,"href":"https:\/\/esomus.com\/index.php\/wp-json\/wp\/v2\/comments?post=4631"}],"version-history":[{"count":4,"href":"https:\/\/esomus.com\/index.php\/wp-json\/wp\/v2\/pages\/4631\/revisions"}],"predecessor-version":[{"id":4649,"href":"https:\/\/esomus.com\/index.php\/wp-json\/wp\/v2\/pages\/4631\/revisions\/4649"}],"wp:attachment":[{"href":"https:\/\/esomus.com\/index.php\/wp-json\/wp\/v2\/media?parent=4631"}],"curies":[{"name":"wp","href":"https:\/\/api.w.org\/{rel}","templated":true}]}}