{"id":1686,"date":"2019-09-08T11:01:01","date_gmt":"2019-09-08T09:01:01","guid":{"rendered":"http:\/\/esomus.com\/?page_id=1686"},"modified":"2019-09-08T11:06:31","modified_gmt":"2019-09-08T09:06:31","slug":"cookie-policy","status":"publish","type":"page","link":"https:\/\/esomus.com\/index.php\/cookie-policy\/","title":{"rendered":"Cookies"},"content":{"rendered":"<div class=\"cli_pg_page_contaner\">\n<h3>\u00c0 propos de la politique de cookies<\/h3>\n<div>\n<pre id=\"tw-target-text\" class=\"tw-data-text tw-text-large tw-ta\" dir=\"ltr\" data-placeholder=\"Traduction\"><span tabindex=\"0\" lang=\"fr\">Cette politique de cookie explique ce que sont les cookies et comment nous les utilisons. Vous devriez lire cette politique pour comprendre ce que sont les cookies, comment nous les utilisons, les types de cookies que nous utilisons, c\u2019est-\u00e0-dire les informations que nous recueillons \u00e0 l\u2019aide de cookies, comment ces informations sont utilis\u00e9es et comment contr\u00f4ler les pr\u00e9f\u00e9rences en mati\u00e8re de cookies. Pour plus d'informations sur la mani\u00e8re dont nous utilisons, stockons et conservons vos donn\u00e9es personnelles en toute s\u00e9curit\u00e9, consultez notre politique de confidentialit\u00e9.\nVous pouvez \u00e0 tout moment modifier ou retirer votre consentement de la d\u00e9claration de cookie figurant sur notre site Web.\nEn savoir plus sur qui nous sommes, comment nous contacter et comment nous traitons les donn\u00e9es personnelles dans notre politique de confidentialit\u00e9.\nVotre consentement s'applique aux domaines suivants: newsite.ESOMUS.com\n[user_consent_state]<\/span><\/pre>\n<\/div>\n<h3>Que sont les cookies ?<\/h3>\n<div>\n<pre id=\"tw-target-text\" class=\"tw-data-text tw-text-large tw-ta\" dir=\"ltr\" data-placeholder=\"Traduction\"><span tabindex=\"0\" lang=\"fr\">Les cookies sont de petits fichiers texte utilis\u00e9s pour stocker de petites informations. Les cookies sont stock\u00e9s sur votre appareil lorsque le site Web est charg\u00e9 sur votre navigateur. Ces cookies nous aident \u00e0 rendre le site Web fonctionnel, \u00e0 le s\u00e9curiser davantage, \u00e0 offrir une meilleure exp\u00e9rience utilisateur, \u00e0 comprendre le fonctionnement du site Web et \u00e0 analyser ce qui fonctionne et les points \u00e0 am\u00e9liorer.<\/span><\/pre>\n<\/div>\n<h3>Comment utilisons-nous les cookies?<\/h3>\n<div>\n<div id=\"tw-target-text-container\" class=\"tw-ta-container tw-nfl\">\n<pre id=\"tw-target-text\" class=\"tw-data-text tw-text-large tw-ta\" dir=\"ltr\" data-placeholder=\"Traduction\"><span tabindex=\"0\" lang=\"fr\">Comme la plupart des services en ligne, notre site Web utilise des cookies de tiers et de tiers \u00e0 diverses fins. Les cookies de premi\u00e8re partie sont essentiellement n\u00e9cessaires au bon fonctionnement du site Web. Ils ne collectent aucune de vos donn\u00e9es personnellement identifiables.\nLes cookies tiers utilis\u00e9s sur nos sites Web sont principalement utilis\u00e9s pour comprendre le fonctionnement du site Web, votre interaction avec notre site Web, la s\u00e9curit\u00e9 de nos services, la diffusion d\u2019annonces publicitaires qui vous int\u00e9ressent et le tout pour vous fournir une meilleure exp\u00e9rience utilisateur et aide \u00e0 acc\u00e9l\u00e9rer vos interactions futures avec notre site Web.<\/span><\/pre>\n<\/div>\n<div id=\"z6maec\" class=\"tw-ta-container tw-nfl\">\n<pre id=\"tw-target-rmn\" class=\"tw-data-placeholder tw-text-small tw-ta\" dir=\"ltr\" data-placeholder=\"\">&nbsp;<\/pre>\n<\/div>\n<\/div>\n<h3>Quels types de cookies utilisons-nous ?<\/h3>\n<div>\n<div id=\"tw-target-text-container\" class=\"tw-ta-container tw-nfl\">\n<pre id=\"tw-target-text\" class=\"tw-data-text tw-text-large tw-ta\" dir=\"ltr\" data-placeholder=\"Traduction\"><span tabindex=\"0\" lang=\"fr\">Certains cookies sont essentiels pour que vous puissiez profiter de toutes les fonctionnalit\u00e9s de notre site. Ils nous permettent de maintenir des sessions d\u2019utilisateur et d\u2019emp\u00eacher toute menace \u00e0 la s\u00e9curit\u00e9. Ils ne collectent ni ne stockent aucune information personnelle. Par exemple, ces cookies vous permettent de vous connecter \u00e0 votre compte, d'ajouter des produits \u00e0 votre panier et de passer en toute s\u00e9curit\u00e9.\nStatistiques: Ces cookies stockent des informations telles que le nombre de visiteurs sur le site Web, le nombre de visiteurs uniques, les pages du site Web consult\u00e9es, la source de la visite, etc. Ces donn\u00e9es nous aident \u00e0 comprendre et \u00e0 analyser le fonctionnement du site Web. o\u00f9 il a besoin d'am\u00e9lioration.\nMarketing: Notre site Web affiche des publicit\u00e9s. Ces cookies sont utilis\u00e9s pour personnaliser les publicit\u00e9s que nous vous montrons afin qu'elles aient un sens pour vous. Ces cookies nous aident \u00e9galement \u00e0 suivre l'efficacit\u00e9 de ces campagnes publicitaires.\nLes informations stock\u00e9es dans ces cookies peuvent \u00e9galement \u00eatre utilis\u00e9es par les fournisseurs d\u2019annonces tiers pour vous montrer \u00e9galement des annonces sur d\u2019autres sites Web du navigateur.\nFonctionnel: Ce sont les cookies qui aident certaines fonctionnalit\u00e9s non essentielles sur notre site Web. Ces fonctionnalit\u00e9s incluent l\u2019int\u00e9gration de contenus tels que des vid\u00e9os ou le partage de contenus sur le site Web sur des plateformes de m\u00e9dias sociaux.\nPr\u00e9f\u00e9rences: Ces cookies nous aident \u00e0 enregistrer vos param\u00e8tres et vos pr\u00e9f\u00e9rences de navigation, comme vos pr\u00e9f\u00e9rences de langue, afin de vous offrir une exp\u00e9rience meilleure et plus efficace lors de vos prochaines visites sur le site.\n[cookie_audit columns = \"cookie, description\" heading = \"La liste ci-dessous d\u00e9taille les cookies utilis\u00e9s sur notre site.\"]<\/span><\/pre>\n<\/div>\n<div id=\"z6maec\" class=\"tw-ta-container tw-nfl\">\n<pre id=\"tw-target-rmn\" class=\"tw-data-placeholder tw-text-small tw-ta\" dir=\"ltr\" data-placeholder=\"\">&nbsp;<\/pre>\n<\/div>\n<\/div>\n<h3>Comment puis-je contr\u00f4ler les pr\u00e9f\u00e9rences de cookies ?<\/h3>\n<div>\n<pre id=\"tw-target-text\" class=\"tw-data-text tw-text-large tw-ta\" dir=\"ltr\" data-placeholder=\"Traduction\"><span tabindex=\"0\" lang=\"fr\">Si vous d\u00e9cidez de modifier vos pr\u00e9f\u00e9rences ult\u00e9rieurement au cours de votre session de navigation, vous pouvez cliquer sur l'onglet \"Politique de confidentialit\u00e9 et cookies\" de votre \u00e9cran. Cela affichera \u00e0 nouveau l'avis de consentement, ce qui vous permettra de modifier vos pr\u00e9f\u00e9rences ou de retirer votre consentement compl\u00e8tement.\nEn outre, diff\u00e9rents navigateurs proposent diff\u00e9rentes m\u00e9thodes pour bloquer et supprimer les cookies utilis\u00e9s par les sites Web. Vous pouvez modifier les param\u00e8tres de votre navigateur pour bloquer \/ supprimer les cookies. Pour en savoir plus sur la gestion et la suppression des cookies, visitez wikipedia.org, www.allaboutcookies.org.<\/span><\/pre>\n<p>&nbsp;<\/p>\n<\/div>\n<\/div>\n","protected":false},"excerpt":{"rendered":"<p>\u00c0 propos de la politique de cookies Cette politique de cookie explique ce que sont les cookies et comment nous les utilisons. Vous devriez lire cette politique pour comprendre ce que sont les cookies, comment nous les utilisons, les types de cookies que nous utilisons, c\u2019est-\u00e0-dire les informations que nous recueillons \u00e0 l\u2019aide de cookies,&hellip; <br \/> <a class=\"read-more\" href=\"https:\/\/esomus.com\/index.php\/cookie-policy\/\">Lire la suite<\/a><\/p>\n","protected":false},"author":1,"featured_media":0,"parent":0,"menu_order":0,"comment_status":"closed","ping_status":"closed","template":"","meta":{"_seopress_robots_primary_cat":"","_seopress_titles_title":"","_seopress_titles_desc":"","_seopress_robots_index":"","_themeisle_gutenberg_block_has_review":false,"footnotes":""},"class_list":["post-1686","page","type-page","status-publish","hentry"],"jetpack_sharing_enabled":true,"_links":{"self":[{"href":"https:\/\/esomus.com\/index.php\/wp-json\/wp\/v2\/pages\/1686","targetHints":{"allow":["GET"]}}],"collection":[{"href":"https:\/\/esomus.com\/index.php\/wp-json\/wp\/v2\/pages"}],"about":[{"href":"https:\/\/esomus.com\/index.php\/wp-json\/wp\/v2\/types\/page"}],"author":[{"embeddable":true,"href":"https:\/\/esomus.com\/index.php\/wp-json\/wp\/v2\/users\/1"}],"replies":[{"embeddable":true,"href":"https:\/\/esomus.com\/index.php\/wp-json\/wp\/v2\/comments?post=1686"}],"version-history":[{"count":3,"href":"https:\/\/esomus.com\/index.php\/wp-json\/wp\/v2\/pages\/1686\/revisions"}],"predecessor-version":[{"id":1690,"href":"https:\/\/esomus.com\/index.php\/wp-json\/wp\/v2\/pages\/1686\/revisions\/1690"}],"wp:attachment":[{"href":"https:\/\/esomus.com\/index.php\/wp-json\/wp\/v2\/media?parent=1686"}],"curies":[{"name":"wp","href":"https:\/\/api.w.org\/{rel}","templated":true}]}}