{"id":1441,"date":"2019-09-05T18:36:56","date_gmt":"2019-09-05T16:36:56","guid":{"rendered":"http:\/\/esomus.com\/?page_id=1441"},"modified":"2019-09-23T14:11:27","modified_gmt":"2019-09-23T12:11:27","slug":"confidentialite","status":"publish","type":"page","link":"https:\/\/esomus.com\/index.php\/confidentialite\/","title":{"rendered":"Confidentialit\u00e9"},"content":{"rendered":"\n<h1 style=\"text-align:center\" class=\"ticss-54153354 wp-block-heading\"><strong>POLITIQUE  DE CONFIDENTIALIT\u00c9 ESOMUS<\/strong><\/h1>\n\n\n<div id=\"metaslider-id-3232\" style=\"width: 100%;\" class=\"ml-slider-3-108-0 metaslider metaslider-flex metaslider-3232 ml-slider has-dots-nav ms-theme-default\" role=\"region\" aria-label=\"confidentialit\u00e9\" data-height=\"300\" data-width=\"700\">\n    <div id=\"metaslider_container_3232\">\n        <div id=\"metaslider_3232\">\n            <ul class='slides'>\n                <li style=\"display: block; width: 100%;\" class=\"slide-3240 ms-image \" aria-roledescription=\"slide\" data-date=\"2019-09-23 14:03:35\" data-filename=\"work-731198_1280-700x300.jpg\" data-slide-type=\"image\"><img data-recalc-dims=\"1\" loading=\"lazy\" decoding=\"async\" src=\"https:\/\/i0.wp.com\/esomus.com\/wp-content\/uploads\/2019\/09\/work-731198_1280.jpg?resize=700%2C300&#038;ssl=1\" height=\"300\" width=\"700\" alt=\"Confidentialit\u00e9 \/ s\u00e9curit\u00e9\" class=\"slider-3232 slide-3240 msDefaultImage\" title=\"Confidentialit\u00e9 \/ s\u00e9curit\u00e9\" \/><div class=\"caption-wrap\"><div class=\"caption\">Confidentialit\u00e9 \/ s\u00e9curit\u00e9<\/div><\/div><\/li>\n                <li style=\"display: none; width: 100%;\" class=\"slide-3239 ms-image \" aria-roledescription=\"slide\" data-date=\"2019-09-23 14:03:35\" data-filename=\"privacy-policy-2499720_1280-700x300.jpg\" data-slide-type=\"image\"><img data-recalc-dims=\"1\" loading=\"lazy\" decoding=\"async\" src=\"https:\/\/i0.wp.com\/esomus.com\/wp-content\/uploads\/2019\/09\/privacy-policy-2499720_1280.jpg?resize=700%2C300&#038;ssl=1\" height=\"300\" width=\"700\" alt=\"S\u00e9curisation des donn\u00e9es\" class=\"slider-3232 slide-3239 msDefaultImage\" title=\"S\u00e9curisation des donn\u00e9es\" \/><div class=\"caption-wrap\"><div class=\"caption\">S\u00e9curisation des donn\u00e9es<\/div><\/div><\/li>\n                <li style=\"display: none; width: 100%;\" class=\"slide-3242 ms-image \" aria-roledescription=\"slide\" data-date=\"2019-09-23 14:07:45\" data-filename=\"writing-1149962_1280-700x300.jpg\" data-slide-type=\"image\"><img data-recalc-dims=\"1\" loading=\"lazy\" decoding=\"async\" src=\"https:\/\/i0.wp.com\/esomus.com\/wp-content\/uploads\/2019\/09\/writing-1149962_1280.jpg?resize=700%2C300&#038;ssl=1\" height=\"300\" width=\"700\" alt=\"Signature de Politique de confidentialit\u00e9 ESOMUS \" class=\"slider-3232 slide-3242 msDefaultImage\" title=\"Signature de Politique de confidentialit\u00e9 ESOMUS \" \/><div class=\"caption-wrap\"><div class=\"caption\">Signature de Politique de confidentialit\u00e9<\/div><\/div><\/li>\n            <\/ul>\n        <\/div>\n        \n    <\/div>\n<\/div>\n\n\n\n<h2 style=\"text-align:center\" class=\"ticss-41b1073b wp-block-heading\">Politique de confidentialit\u00e9<\/h2>\n\n\n\n<p style=\"text-align:center\"><em>Derni\u00e8re mise \u00e0 jour : <strong>01 janvier 2019<\/strong><\/em><\/p>\n\n\n\n<div class=\"wp-block-button aligncenter\"><a class=\"wp-block-button__link has-background\" href=\"http:\/\/newsite.ESOMUS.com\/wp-content\/uploads\/2019\/09\/Politique-de-protection-de-la-vie-priv\u00e9e-\u2013-R\u00e9f\u00e9rence-Version-1.1-\u2013-01-01-2018-1.pdf\" style=\"background-color:#2f65b0\">T\u00e9l\u00e9charger<\/a><\/div>\n","protected":false},"excerpt":{"rendered":"<p>POLITIQUE DE CONFIDENTIALIT\u00c9 ESOMUS Politique de confidentialit\u00e9 Derni\u00e8re mise \u00e0 jour : 01 janvier 2019<\/p>\n","protected":false},"author":1,"featured_media":165,"parent":0,"menu_order":0,"comment_status":"closed","ping_status":"closed","template":"page-templates\/homepage.php","meta":{"_seopress_robots_primary_cat":"","_seopress_titles_title":"","_seopress_titles_desc":"","_seopress_robots_index":"","_themeisle_gutenberg_block_has_review":false,"footnotes":""},"class_list":["post-1441","page","type-page","status-publish","has-post-thumbnail","hentry"],"jetpack_sharing_enabled":true,"_links":{"self":[{"href":"https:\/\/esomus.com\/index.php\/wp-json\/wp\/v2\/pages\/1441","targetHints":{"allow":["GET"]}}],"collection":[{"href":"https:\/\/esomus.com\/index.php\/wp-json\/wp\/v2\/pages"}],"about":[{"href":"https:\/\/esomus.com\/index.php\/wp-json\/wp\/v2\/types\/page"}],"author":[{"embeddable":true,"href":"https:\/\/esomus.com\/index.php\/wp-json\/wp\/v2\/users\/1"}],"replies":[{"embeddable":true,"href":"https:\/\/esomus.com\/index.php\/wp-json\/wp\/v2\/comments?post=1441"}],"version-history":[{"count":8,"href":"https:\/\/esomus.com\/index.php\/wp-json\/wp\/v2\/pages\/1441\/revisions"}],"predecessor-version":[{"id":3245,"href":"https:\/\/esomus.com\/index.php\/wp-json\/wp\/v2\/pages\/1441\/revisions\/3245"}],"wp:featuredmedia":[{"embeddable":true,"href":"https:\/\/esomus.com\/index.php\/wp-json\/wp\/v2\/media\/165"}],"wp:attachment":[{"href":"https:\/\/esomus.com\/index.php\/wp-json\/wp\/v2\/media?parent=1441"}],"curies":[{"name":"wp","href":"https:\/\/api.w.org\/{rel}","templated":true}]}}